421
What is the remainder when 81064562 is divided by 4266555?
17
Calculate the remainder when 33793 is divided by 1255.
1163
Calculate the remainder when 6475509 is divided by 276.
273
What is the remainder when 3901567 is divided by 1304?
1303
Calculate the remainder when 65493246 is divided by 596.
594
What is the remainder when 148915 is divided by 6470?
105
What is the remainder when 17414 is divided by 583?
507
Calculate the remainder when 2017092 is divided by 8657.
11
What is the remainder when 12478143 is divided by 1782569?
160
What is the remainder when 7973778 is divided by 272?
98
Calculate the remainder when 362666 is divided by 361794.
872
Calculate the remainder when 18934 is divided by 2695.
69
Calculate the remainder when 8431615 is divided by 14413.
10
What is the remainder when 11237917 is divided by 22?
9
What is the remainder when 12874669 is divided by 306534?
241
What is the remainder when 1734446 is divided by 82592?
14
Calculate the remainder when 55133046 is divided by 27.
18
Calculate the remainder when 3481269 is divided by 1271.
0
Calculate the remainder when 383526 is divided by 23.
1
What is the remainder when 231655 is divided by 1676?
367
What is the remainder when 14736189 is divided by 426?
423
What is the remainder when 1096327 is divided by 5123?
5
Calculate the remainder when 78365 is divided by 540.
65
What is the remainder when 263509 is divided by 262801?
708
Calculate the remainder when 2570716 is divided by 856901.
13
Calculate the remainder when 1533390 is divided by 225.
15
Calculate the remainder when 3550162 is divided by 221884.
18
What is the remainder when 2589009 is divided by 40453?
17
Calculate the remainder when 412718 is divided by 3436.
398
Calculate the remainder when 43723 is divided by 323.
118
What is the remainder when 39762626 is divided by 23?
19
What is the remainder when 29216 is divided by 230?
6
Calculate the remainder when 754382 is divided by 150800.
382
What is the remainder when 133597 is divided by 655?
632
What is the remainder when 709367 is divided by 78535?
2552
What is the remainder when 92002139 is divided by 12?
11
What is the remainder when 31895820 is divided by 325?
320
Calculate the remainder when 2930386 is divided by 5114.
64
What is the remainder when 1296242 is divided by 305?
297
What is the remainder when 91297 is divided by 5054?
325
What is the remainder when 56599256 is divided by 4911?
4892
What is the remainder when 25455708 is divided by 10?
8
What is the remainder when 1029071 is divided by 147002?
57
What is the remainder when 146054 is divided by 73025?
4
What is the remainder when 10913 is divided by 449?
137
Calculate the remainder when 1416993 is divided by 5.
3
Calculate the remainder when 348327 is divided by 31252.
4555
What is the remainder when 816103 is divided by 69?
40
Calculate the remainder when 15967 is divided by 968.
479
What is the remainder when 1988142 is divided by 405?
402
Calculate the remainder when 524428 is divided by 3772.
120
What is the remainder when 1550873 is divided by 775435?
3
Calculate the remainder when 1871913 is divided by 282.
279
What is the remainder when 321162 is divided by 107033?
63
Calculate the remainder when 2475507 is divided by 1239.
1224
What is the remainder when 4626692 is divided by 147?
14
What is the remainder when 261183 is divided by 7476?
6999
Calculate the remainder when 443751 is divided by 330.
231
Calculate the remainder when 156669 is divided by 26049.
375
What is the remainder when 112042 is divided by 5830?
1272
What is the remainder when 69724 is divided by 69643?
81
Calculate the remainder when 3678457 is divided by 3678451.
6
Calculate the remainder when 1281888 is divided by 2543.
216
Calculate the remainder when 4031037 is divided by 29.
8
What is the remainder when 875312 is divided by 7?
4
Calculate the remainder when 55928 is divided by 189.
173
What is the remainder when 10258534 is divided by 551?
16
What is the remainder when 92682 is divided by 42?
30
What is the remainder when 1780397 is divided by 60?
17
Calculate the remainder when 1799339 is divided by 5823.
32
What is the remainder when 1172072 is divided by 2127?
95
Calculate the remainder when 1729654 is divided by 157.
142
Calculate the remainder when 91569 is divided by 3388.
93
What is the remainder when 2248954 is divided by 865?
819
What is the remainder when 7279205 is divided by 2?
1
What is the remainder when 438152 is divided by 4662?
4586
What is the remainder when 995907 is divided by 248974?
11
What is the remainder when 613134843 is divided by 34?
25
What is the remainder when 21793095 is divided by 3?
0
What is the remainder when 6482108 is divided by 424?
420
What is the remainder when 49514283 is divided by 323?
321
Calculate the remainder when 242155 is divided by 2423.
2278
Calculate the remainder when 1806166 is divided by 200581.
937
Calculate the remainder when 6838360 is divided by 26.
22
What is the remainder when 282136 is divided by 13367?
1429
What is the remainder when 875312 is divided by 437488?
336
Calculate the remainder when 24379 is divided by 348.
19
Calculate the remainder when 14169 is divided by 2770.
319
Calculate the remainder when 93972 is divided by 164.
0
Calculate the remainder when 1723382 is divided by 544.
534
Calculate the remainder when 1090797991 is divided by 286.
283
Calculate the remainder when 42045 is divided by 989.
507
Calculate the remainder when 640398 is divided by 4113.
2883
What is the remainder when 227653 is divided by 227649?
4
What is the remainder when 1823073 is divided by 2093?
70
What is the remainder when 18539383 is divided by 9269691?
1
Calculate the remainder when 98791 is divided by 1008.
7
Calculate the remainder when 1124803 is divided by 14606.
141
What is the remainder when 185511 is divided by 18534?
171
Calculate the remainder when 46465 is divided by 1531.
535
What is the remainder when 69797187 is divided by 166?
163
What is the remainder when 118571 is divided by 59206?
159
What is the remainder when 278416 is divided by 13221?
775
What is the remainder when 8484 is divided by 4082?
320
What is the remainder when 35559 is divided by 17745?
69
Calculate the remainder when 1735069 is divided by 386.
385
Calculate the remainder when 522042137 is divided by 13.
6
What is the remainder when 66613 is divided by 2143?
180
Calculate the remainder when 147807 is divided by 35894.
4231
What is the remainder when 728251 is divided by 105?
76
Calculate the remainder when 56030 is divided by 18074.
1808
Calculate the remainder when 469824747 is divided by 765.
762
Calculate the remainder when 4271665 is divided by 926.
27
What is the remainder when 286385 is divided by 5962?
209
Calculate the remainder when 453472 is divided by 3068.
2476
What is the remainder when 846308 is divided by 2774?
238
Calculate the remainder when 63966616 is divided by 1795.
1791
Calculate the remainder when 147879 is divided by 36969.
3
Calculate the remainder when 5303 is divided by 5217.
86
Calculate the remainder when 1451807 is divided by 27919.
19
Calculate the remainder when 1040285 is divided by 81.
2
What is the remainder when 7020987 is divided by 180025?
12
Calculate the remainder when 12078607 is divided by 460.
387
What is the remainder when 6549752 is divided by 2720?
2712
Calculate the remainder when 720846 is divided by 23.
3
Calculate the remainder when 326833 is divided by 852.
517
Calculate the remainder when 96089 is divided by 18584.
3169
What is the remainder when 615581 is divided by 540?
521
Calculate the remainder when 2085581 is divided by 5150.
4981
What is the remainder when 565749 is divided by 4?
1
Calculate the remainder when 59590 is divided by 19777.
259
Calculate the remainder when 3590109 is divided by 62.
61
Calculate the remainder when 7906508 is divided by 175.
8
Calculate the remainder when 30312193 is divided by 82.
73
What is the remainder when 5939925 is divided by 1979792?
549
Calculate the remainder when 16937368 is divided by 261.
34
What is the remainder when 3105910 is divided by 185?
130
Calculate the remainder when 54318028 is divided by 30.
28
What is the remainder when 6155524 is divided by 3466?
3374
Calculate 